emainder when 38925 is divided by 2779.
19
What is the remainder when 899 is divided by 72?
35
Calculate the remainder when 2814 is divided by 2772.
42
Calculate the remainder when 119188 is divided by 137.
135
What is the remainder when 322 is divided by 157?
8
What is the remainder when 2124938 is divided by 9?
2
Calculate the remainder when 557 is divided by 501.
56
Calculate the remainder when 29904 is divided by 27.
15
Calculate the remainder when 116653 is divided by 23.
20
Calculate the remainder when 1767 is divided by 276.
111
What is the remainder when 9305 is divided by 715?
10
What is the remainder when 6991580 is divided by 29?
28
Calculate the remainder when 1070460 is divided by 217.
216
Calculate the remainder when 2062198 is divided by 30.
28
What is the remainder when 38810 is divided by 57?
50
Calculate the remainder when 32332 is divided by 222.
142
Calculate the remainder when 1648 is divided by 649.
350
What is the remainder when 349661 is divided by 49951?
4
What is the remainder when 5790 is divided by 199?
19
What is the remainder when 1081414 is divided by 41?
39
What is the remainder when 4132 is divided by 30?
22
What is the remainder when 3768 is divided by 268?
16
Calculate the remainder when 4253 is divided by 191.
51
Calculate the remainder when 43194 is divided by 36.
30
What is the remainder when 7472 is divided by 299?
296
Calculate the remainder when 18194 is divided by 6.
2
Calculate the remainder when 2887 is divided by 15.
7
Calculate the remainder when 29227 is divided by 434.
149
Calculate the remainder when 673794 is divided by 15.
9
Calculate the remainder when 5240 is divided by 477.
470
Calculate the remainder when 93137 is divided by 259.
156
Calculate the remainder when 48633 is divided by 2.
1
Calculate the remainder when 1114 is divided by 797.
317
Calculate the remainder when 35812 is divided by 431.
39
What is the remainder when 24147 is divided by 366?
357
Calculate the remainder when 107686 is divided by 11.
7
Calculate the remainder when 50500 is divided by 19.
17
What is the remainder when 76249 is divided by 2316?
2137
Calculate the remainder when 5694 is divided by 2583.
528
Calculate the remainder when 11103 is divided by 585.
573
What is the remainder when 533231 is divided by 53?
51
Calculate the remainder when 7087 is divided by 3302.
483
What is the remainder when 2340 is divided by 43?
18
Calculate the remainder when 24570 is divided by 1647.
1512
What is the remainder when 613267 is divided by 202?
197
What is the remainder when 749 is divided by 512?
237
What is the remainder when 77444 is divided by 68?
60
Calculate the remainder when 45403 is divided by 446.
357
Calculate the remainder when 17013 is divided by 85.
13
Calculate the remainder when 840 is divided by 422.
418
What is the remainder when 195227 is divided by 26?
19
Calculate the remainder when 5076 is divided by 1012.
16
Calculate the remainder when 24364 is divided by 102.
88
Calculate the remainder when 1382786 is divided by 86.
78
Calculate the remainder when 45938 is divided by 494.
490
What is the remainder when 27912 is divided by 266?
248
Calculate the remainder when 359521 is divided by 5531.
6
Calculate the remainder when 53644 is divided by 8938.
16
Calculate the remainder when 6238 is divided by 229.
55
What is the remainder when 1032 is divided by 104?
96
What is the remainder when 4498 is divided by 387?
241
What is the remainder when 57242 is divided by 14?
10
Calculate the remainder when 1220 is divided by 215.
145
Calculate the remainder when 1562 is divided by 157.
149
What is the remainder when 20202 is divided by 291?
123
Calculate the remainder when 6229 is divided by 29.
23
Calculate the remainder when 3954095 is divided by 2991.
2984
What is the remainder when 3027 is divided by 426?
45
Calculate the remainder when 218 is divided by 189.
29
Calculate the remainder when 2738068 is divided by 59.
55
What is the remainder when 2382036 is divided by 68?
64
Calculate the remainder when 2275 is divided by 236.
151
What is the remainder when 9738549 is divided by 24?
21
What is the remainder when 757 is divided by 380?
377
What is the remainder when 45654 is divided by 1824?
54
What is the remainder when 216637 is divided by 9?
7
What is the remainder when 63628 is divided by 482?
4
What is the remainder when 375076 is divided by 19?
16
What is the remainder when 5710 is divided by 102?
100
What is the remainder when 191067 is divided by 454?
387
Calculate the remainder when 23323 is divided by 348.
7
Calculate the remainder when 3012 is divided by 1276.
460
What is the remainder when 284260 is divided by 71062?
12
What is the remainder when 64790 is divided by 194?
188
Calculate the remainder when 52448 is divided by 4365.
68
What is the remainder when 21759 is divided by 5211?
915
Calculate the remainder when 6776 is divided by 45.
26
Calculate the remainder when 1132 is divided by 67.
60
What is the remainder when 253291 is divided by 52?
51
Calculate the remainder when 54376 is divided by 132.
124
Calculate the remainder when 18490 is divided by 9206.
78
What is the remainder when 12205148 is divided by 36?
32
What is the remainder when 9532 is divided by 51?
46
Calculate the remainder when 31701 is divided by 24.
21
What is the remainder when 35030 is divided by 8?
6
What is the remainder when 60810 is divided by 113?
16
Calculate the remainder when 34318 is divided by 365.
8
Calculate the remainder when 56442 is divided by 93.
84
Calculate the remainder when 30773 is divided by 6.
5
What is the remainder when 3129 is divided by 1533?
63
What is the remainder when 17254 is divided by 115?
4
What is the remainder when 10109 is divided by 1418?
183
Calculate the remainder when 22878 is divided by 46.
16
What is the remainder when 151018 is divided by 709?
1
What is the remainder when 63668 is divided by 130?
98
What is the remainder when 1616 is divided by 488?
152
What is the remainder when 8167 is divided by 1588?
227
Calculate the remainder when 1159 is divided by 594.
565
What is the remainder when 39747 is divided by 63?
57
What is the remainder when 1176837 is divided by 56?
53
What is the remainder when 6866 is divided by 2288?
2
What is the remainder when 168833 is divided by 276?
197
Calculate the remainder when 20280 is divided by 4018.
190
What is the remainder when 65598 is divided by 1491?
1485
Calculate the remainder when 28610 is divided by 311.
309
What is the remainder when 1494700 is divided by 3?
1
What is the remainder when 186608 is divided by 27?
11
What is the remainder when 4039 is divided by 4034?
5
Calculate the remainder when 783 is divided by 549.
234
What is the remainder when 62319 is divided by 8901?
12
What is the remainder when 9599 is divided by 1234?
961
What is the remainder when 965 is divided by 85?
30
What is the remainder when 3799 is divided by 935?
59
What is the remainder when 62429 is divided by 289?
5
Calculate the remainder when 41814 is divided by 205.
199
What is the remainder when 1202 is divided by 371?
89
What is the remainder when 100628 is divided by 20098?
138
What is the remainder when 243096 is divided by 121548?
0
Calculate the remainder when 308289 is divided by 69.
66
What is the remainder when 15345 is divided by 811?
747
What is the remainder when 131237 is divided by 23?
22
What is the remainder when 874 is divided by 124?
6
Calculate the remainder when 26154 is divided by 129.
96
Calculate the remainder when 472635 is divided by 173.
172
What is the remainder when 199440 is divided by 13?
7
What is the remainder when 28935 is divided by 432?
423
Calculate the remainder when 23154 is divided by 801.
726
What is the remainder when 1209 is divided by 241?
4
Calculate the remainder when 61288 is divided by 22.
18
What is the remainder when 5336 is divided by 5?
1
What is the remainder when 7953047 is divided by 217?
214
Calculate the remainder when 69556 is divided by 44.
36
Calculate the remainder when 2598 is divided by 67.
52
What is the remainder when 5517 is divided by 62?
61
What is the remainder when 8315 is divided by 59?
55
Calculate the remainder when 7138 is divided by 2374.
16
What is the remainder when 7694 is divided by 63